{"id":814,"date":"2021-04-02T01:46:53","date_gmt":"2021-04-02T04:46:53","guid":{"rendered":"https:\/\/isfdyt20-bue.infd.edu.ar\/sitio\/?page_id=814"},"modified":"2022-04-13T17:47:45","modified_gmt":"2022-04-13T20:47:45","slug":"concursos","status":"publish","type":"page","link":"https:\/\/isfdyt20-bue.infd.edu.ar\/sitio\/concursos\/","title":{"rendered":"CONCURSOS"},"content":{"rendered":"<p>ABRIL 2022<\/p>\n<p><strong>Per\u00edodo de difusi\u00f3n e inscripci\u00f3n: <\/strong>13\/04\/2022 al 18\/04\/2022<\/p>\n<p><strong>Inscripci\u00f3n y presentaci\u00f3n de Antecedentes y Proyectos: A trav\u00e9s del siguiente enlace<\/strong><\/p>\n<p><a href=\"https:\/\/forms.gle\/rNFi4xoyRm8v6VYc7\">https:\/\/forms.gle\/rNFi4xoyRm8v6VYc7<\/a><\/p>\n<p><strong>Defensa de los proyectos:<\/strong> a partir del 26\/04\/2022<\/p>\n<p><strong>Comisi\u00f3n evaluadora:<\/strong> un directivo, un integrante del CAI, un estudiante, docentes especialistas, a definir.<\/p>\n<p>Sobre contenidos m\u00ednimos, confecci\u00f3n de proyectos, modalidad de los concursos, dirigirse al sitio web del Instituto <a href=\"http:\/\/www.instituto20.com.ar\/\">http:\/\/www.instituto20.com.ar<\/a> \u2192 pesta\u00f1a \u201c<strong>Normativas<\/strong>\u201d o \u201c<strong>Concursos<\/strong>\u201d.<\/p>\n<p><strong><u>PROFESORADO DE EDUCACI\u00d3N PRIMARIA<\/u><\/strong><strong>\u00a0\u00a0 <u>(En Anexo Arribe\u00f1os)<\/u><\/strong><\/p>\n<p><strong>Franja horaria de la carrera: lunes a viernes de 17:00 a 22:30<\/strong><\/p>\n<table width=\"586\">\n<tbody>\n<tr>\n<td width=\"481\">\n<p><strong>1\u00ba A\u00d1O (A ciclo cerrado, en anexo Arribe\u00f1os)<\/strong><\/p>\n<\/td>\n<td width=\"105\">\n<p><strong>M\u00f3dulos<\/strong><\/p>\n<\/td>\n<\/tr>\n<tr>\n<td width=\"481\">\n<p>An\u00e1lisis del mundo contempor\u00e1neo<\/p>\n<\/td>\n<td width=\"105\">\n<p>1+1 Tain<\/p>\n<\/td>\n<\/tr>\n<tr>\n<td width=\"481\">\n<p>Filosof\u00eda<\/p>\n<\/td>\n<td width=\"105\">\n<p>2+1 Tain<\/p>\n<\/td>\n<\/tr>\n<tr>\n<td width=\"481\">\n<p><strong>2\u00ba A\u00d1O (A ciclo cerrado, en anexo Arribe\u00f1os)<\/strong><\/p>\n<\/td>\n<td width=\"105\">\n<p>\u00a0<\/p>\n<\/td>\n<\/tr>\n<tr>\n<td width=\"481\">\n<p>Did\u00e1ctica de la Matem\u00e1tica I<\/p>\n<\/td>\n<td width=\"105\">\n<p>2+1 Tain<\/p>\n<\/td>\n<\/tr>\n<\/tbody>\n<\/table>\n<p>* Tain: corresponde al taller integrador. Se asigna 1 m\u00f3dulo por docente por curso<\/p>\n<p><u>\u00a0<\/u><\/p>\n<p><strong><u>Tecnicatura Superior en An\u00e1lisis, Desarrollo y Programaci\u00f3n de Aplicaciones(En Anexo Arribe\u00f1os)<\/u><\/strong><\/p>\n<p><strong>Franja horaria de la carrera: lunes a viernes de 17:00 a 22:30<\/strong><\/p>\n<p><strong>\u00a0<\/strong><\/p>\n<table width=\"586\">\n<tbody>\n<tr>\n<td width=\"481\">\n<p><strong>2\u00ba A\u00d1O (A ciclo cerrado, en anexo Arribe\u00f1os)<\/strong><\/p>\n<\/td>\n<td width=\"105\">\n<p><strong>M\u00f3dulos<\/strong><\/p>\n<\/td>\n<\/tr>\n<tr>\n<td width=\"481\">\n<p>Seminario de programaci\u00f3n<\/p>\n<\/td>\n<td width=\"105\">\n<p>2<\/p>\n<\/td>\n<\/tr>\n<\/tbody>\n<\/table>\n<p><strong>\u00a0<\/strong><\/p>\n<p><u>\u00a0<\/u><\/p>\n\n\n<p><\/p>\n","protected":false},"excerpt":{"rendered":"<p>ABRIL 2022 Per\u00edodo de difusi\u00f3n e inscripci\u00f3n: 13\/04\/2022 al 18\/04\/2022 Inscripci\u00f3n y presentaci\u00f3n de Antecedentes y Proyectos: A trav\u00e9s del siguiente enlace https:\/\/forms.gle\/rNFi4xoyRm8v6VYc7 Defensa de los proyectos: a partir del 26\/04\/2022 Comisi\u00f3n evaluadora: un directivo, un integrante del CAI, un estudiante, docentes especialistas, a definir. Sobre contenidos m\u00ednimos, confecci\u00f3n de proyectos, modalidad de los concursos, &#8230; <a title=\"CONCURSOS\" class=\"read-more\" href=\"https:\/\/isfdyt20-bue.infd.edu.ar\/sitio\/concursos\/\" aria-label=\"More on CONCURSOS\">[+]<\/a><\/p>\n","protected":false},"author":7,"featured_media":0,"parent":0,"menu_order":0,"comment_status":"closed","ping_status":"closed","template":"","meta":[],"acf":[],"_links":{"self":[{"href":"https:\/\/isfdyt20-bue.infd.edu.ar\/sitio\/wp-json\/wp\/v2\/pages\/814"}],"collection":[{"href":"https:\/\/isfdyt20-bue.infd.edu.ar\/sitio\/wp-json\/wp\/v2\/pages"}],"about":[{"href":"https:\/\/isfdyt20-bue.infd.edu.ar\/sitio\/wp-json\/wp\/v2\/types\/page"}],"author":[{"embeddable":true,"href":"https:\/\/isfdyt20-bue.infd.edu.ar\/sitio\/wp-json\/wp\/v2\/users\/7"}],"replies":[{"embeddable":true,"href":"https:\/\/isfdyt20-bue.infd.edu.ar\/sitio\/wp-json\/wp\/v2\/comments?post=814"}],"version-history":[{"count":6,"href":"https:\/\/isfdyt20-bue.infd.edu.ar\/sitio\/wp-json\/wp\/v2\/pages\/814\/revisions"}],"predecessor-version":[{"id":891,"href":"https:\/\/isfdyt20-bue.infd.edu.ar\/sitio\/wp-json\/wp\/v2\/pages\/814\/revisions\/891"}],"wp:attachment":[{"href":"https:\/\/isfdyt20-bue.infd.edu.ar\/sitio\/wp-json\/wp\/v2\/media?parent=814"}],"curies":[{"name":"wp","href":"https:\/\/api.w.org\/{rel}","templated":true}]}}