{"id":716,"date":"2018-08-29T19:56:45","date_gmt":"2018-08-29T22:56:45","guid":{"rendered":"https:\/\/isfdyt20-bue.infd.edu.ar\/sitio\/profesorado-en-1\/"},"modified":"2021-04-22T00:15:58","modified_gmt":"2021-04-22T03:15:58","slug":"profesorado-en-educacion-primaria","status":"publish","type":"page","link":"https:\/\/isfdyt20-bue.infd.edu.ar\/sitio\/inicio\/carreras\/profesorado-en-educacion-primaria\/","title":{"rendered":"Profesorado en Educaci\u00f3n Primaria"},"content":{"rendered":"<h3 style=\"font-weight: 400;\"><b><strong>PLAN DE ESTUDIOS DEL\u00a0<\/strong><\/b><b><strong>PROFESORADO DE EDUCACI\u00d3N PRIMARIA<\/strong><\/b><\/h3>\n<table style=\"font-weight: 400;\">\n<tbody>\n<tr>\n<td style=\"font-weight: 400;\" colspan=\"2\"><b><strong>1er. A\u00f1o Primaria<\/strong><\/b><\/td>\n<\/tr>\n<tr>\n<td style=\"font-weight: 400;\" rowspan=\"3\"><b><strong>Campo de Actualizaci\u00f3n Formativa<\/strong><\/b><\/td>\n<td style=\"font-weight: 400;\">Taller de lectura, escritura y oralidad (64)<\/td>\n<\/tr>\n<tr>\n<td style=\"font-weight: 400;\">Taller de pensamiento l\u00f3gico matem\u00e1tico (64)<\/td>\n<\/tr>\n<tr>\n<td style=\"font-weight: 400;\">Taller de definici\u00f3n institucional (64)<\/td>\n<\/tr>\n<tr>\n<td style=\"font-weight: 400;\"><b><strong>Campo de la Subjetividad y las Culturas<\/strong><\/b><\/td>\n<td style=\"font-weight: 400;\">Psicolog\u00eda del desarrollo y el aprendizaje I (64)<\/td>\n<\/tr>\n<tr>\n<td style=\"font-weight: 400;\" rowspan=\"2\"><b><strong>Campo de los Saberes a Ense\u00f1ar<\/strong><\/b><\/td>\n<td style=\"font-weight: 400;\">Corporeidad y motricidad (32)<\/td>\n<\/tr>\n<tr>\n<td style=\"font-weight: 400;\">Arte y educaci\u00f3n (64)<\/td>\n<\/tr>\n<tr>\n<td style=\"font-weight: 400;\" rowspan=\"4\"><b><strong>Campo de la Fundamentaci\u00f3n<\/strong><\/b><\/td>\n<td style=\"font-weight: 400;\">Filosof\u00eda (64)<\/td>\n<\/tr>\n<tr>\n<td style=\"font-weight: 400;\">Did\u00e1ctica general (64)<\/td>\n<\/tr>\n<tr>\n<td style=\"font-weight: 400;\">Pedagog\u00eda (64)<\/td>\n<\/tr>\n<tr>\n<td style=\"font-weight: 400;\">An\u00e1lisis del mundo contempor\u00e1neo (32)<\/td>\n<\/tr>\n<tr>\n<td style=\"font-weight: 400;\" rowspan=\"3\"><b><strong>Campo de la Pr\u00e1ctica Docente<\/strong><\/b><\/td>\n<td style=\"font-weight: 400;\"><i><em>Pr\u00e1ctica en terreno:<\/em><\/i><\/p>\n<p>Experiencia social en espacios y organizaciones de la comunidad<\/p>\n<p>(32)<\/td>\n<\/tr>\n<tr>\n<td style=\"font-weight: 400;\"><b><strong>\u00a0<\/strong><\/b><\/p>\n<p><b><strong>Taller Integrador Interdisciplinario<\/strong><\/b><\/p>\n<p><i><em>\u00a0<\/em><\/i><\/p>\n<p><i><em>Ciudad educadora<\/em><\/i><\/p>\n<p>(32)<\/td>\n<\/tr>\n<tr>\n<td style=\"font-weight: 400;\"><i><em>Herramientas:<\/em><\/i><\/p>\n<p>Educaci\u00f3n social y estrategias<\/p>\n<p>de educaci\u00f3n popular (32)<\/td>\n<\/tr>\n<\/tbody>\n<\/table>\n<table style=\"font-weight: 400;\">\n<tbody>\n<tr>\n<td style=\"font-weight: 400;\" colspan=\"2\"><b><strong>2\u00ba A\u00f1o Primaria<\/strong><\/b><\/td>\n<\/tr>\n<tr>\n<td style=\"font-weight: 400;\" rowspan=\"3\"><b><strong>Campo de la Subjetividad y las Culturas<\/strong><\/b><\/td>\n<td style=\"font-weight: 400;\">Psicolog\u00eda del desarrollo y el aprendizaje II (64<\/td>\n<\/tr>\n<tr>\n<td style=\"font-weight: 400;\">Psicolog\u00eda social e institucional (32)<\/td>\n<\/tr>\n<tr>\n<td style=\"font-weight: 400;\">Cultura, comunicaci\u00f3n y educaci\u00f3n (32)<\/td>\n<\/tr>\n<tr>\n<td style=\"font-weight: 400;\" rowspan=\"5\"><b><strong>Campo de los Saberes a Ense\u00f1ar<\/strong><\/b><\/p>\n<p>&nbsp;<\/td>\n<td style=\"font-weight: 400;\">Educaci\u00f3n art\u00edstica (64)<\/td>\n<\/tr>\n<tr>\n<td style=\"font-weight: 400;\">Did\u00e1ctica de Pr\u00e1cticas del Lenguaje y\u00a0 la Literatura I (64)<\/td>\n<\/tr>\n<tr>\n<td style=\"font-weight: 400;\">Did\u00e1ctica de las Ciencias Sociales I (64)<\/td>\n<\/tr>\n<tr>\n<td style=\"font-weight: 400;\">Did\u00e1ctica de las Ciencias Naturales I (64)<\/td>\n<\/tr>\n<tr>\n<td style=\"font-weight: 400;\">Did\u00e1ctica de la Matem\u00e1tica (64)<\/td>\n<\/tr>\n<tr>\n<td style=\"font-weight: 400;\" rowspan=\"2\"><b><strong>Campo de la Fundamentaci\u00f3n<\/strong><\/b><\/td>\n<td style=\"font-weight: 400;\">Teor\u00edas sociopol\u00edticas y educaci\u00f3n (64)<\/td>\n<\/tr>\n<tr>\n<td style=\"font-weight: 400;\">Did\u00e1ctica y curr\u00edculum de Nivel Primario (64)<\/td>\n<\/tr>\n<tr>\n<td style=\"font-weight: 400;\" rowspan=\"3\">&nbsp;<\/p>\n<p><b><strong>Campo de la Pr\u00e1ctica Docente<\/strong><\/b><\/td>\n<td style=\"font-weight: 400;\"><i><em>Pr\u00e1ctica en terreno:<\/em><\/i><\/p>\n<p>En instituciones educativas<\/p>\n<p>(distintos \u00e1mbitos: urbano, suburbano, rural)<\/p>\n<p>(64)<\/td>\n<\/tr>\n<tr>\n<td style=\"font-weight: 400;\"><b><strong>\u00a0<\/strong><\/b><\/p>\n<p><b><strong>Taller Integrador Interdisciplinario<\/strong><\/b><\/p>\n<p><i><em>\u00a0<\/em><\/i><\/p>\n<p><i><em>Espacio escolar<\/em><\/i><\/p>\n<p><i><em>y realidad educativa<\/em><\/i><\/p>\n<p>(32)<\/p>\n<p>&nbsp;<\/td>\n<\/tr>\n<tr>\n<td style=\"font-weight: 400;\"><i><em>Herramientas:<\/em><\/i><\/p>\n<p>Aproximaci\u00f3n y an\u00e1lisis cualitativo institucional (32)<\/td>\n<\/tr>\n<\/tbody>\n<\/table>\n<table style=\"font-weight: 400;\">\n<tbody>\n<tr>\n<td style=\"font-weight: 400;\" colspan=\"2\"><b><strong>3\u00ba A\u00f1o Primaria<\/strong><\/b><\/td>\n<\/tr>\n<tr>\n<td style=\"font-weight: 400;\" rowspan=\"2\"><b><strong>Campo de la Subjetividad y las Culturas<\/strong><\/b><\/td>\n<td style=\"font-weight: 400;\">Configuraciones culturales del sujeto educativo de Primaria (32)<\/td>\n<\/tr>\n<tr>\n<td style=\"font-weight: 400;\">Medios audiovisuales, TIC\u2019s y educaci\u00f3n (32)<\/td>\n<\/tr>\n<tr>\n<td style=\"font-weight: 400;\" rowspan=\"5\"><b><strong>Campo de los Saberes a Ense\u00f1ar<\/strong><\/b><\/p>\n<p>&nbsp;<\/td>\n<td style=\"font-weight: 400;\">Educaci\u00f3n F\u00edsica escolar (64)<\/td>\n<\/tr>\n<tr>\n<td style=\"font-weight: 400;\">Did\u00e1ctica de Pr\u00e1cticas del Lenguaje y\u00a0 la Literatura II (64)<\/td>\n<\/tr>\n<tr>\n<td style=\"font-weight: 400;\">Did\u00e1ctica de las Ciencias Sociales II (64)<\/td>\n<\/tr>\n<tr>\n<td style=\"font-weight: 400;\">Did\u00e1ctica de las Ciencias Naturales II (64)<\/td>\n<\/tr>\n<tr>\n<td style=\"font-weight: 400;\">Did\u00e1ctica de la Matem\u00e1tica II (64)<\/td>\n<\/tr>\n<tr>\n<td style=\"font-weight: 400;\" rowspan=\"2\"><b><strong>Campo de la Fundamentaci\u00f3n<\/strong><\/b><\/td>\n<td style=\"font-weight: 400;\">Historia y prospectiva de la educaci\u00f3n (64)<\/td>\n<\/tr>\n<tr>\n<td style=\"font-weight: 400;\">Pol\u00edticas, legislaci\u00f3n y administraci\u00f3n del trabajo escolar (64)<\/td>\n<\/tr>\n<tr>\n<td style=\"font-weight: 400;\" rowspan=\"3\">&nbsp;<\/p>\n<p><b><strong>Campo de la Pr\u00e1ctica Docente<\/strong><\/b><\/td>\n<td style=\"font-weight: 400;\"><i><em>Pr\u00e1ctica en terreno:<\/em><\/i><\/p>\n<p>En el aula, en el nivel de formaci\u00f3n<\/p>\n<p>(128)<\/td>\n<\/tr>\n<tr>\n<td style=\"font-weight: 400;\"><b><strong>\u00a0<\/strong><\/b><\/p>\n<p><b><strong>Taller Integrador Interdisciplinario<\/strong><\/b><\/p>\n<p><i><em>\u00a0<\/em><\/i><\/p>\n<p><i><em>Relaci\u00f3n educativa<\/em><\/i><\/p>\n<p>(32)<\/p>\n<p>&nbsp;<\/td>\n<\/tr>\n<tr>\n<td style=\"font-weight: 400;\"><i><em>Herramientas:<\/em><\/i><\/p>\n<p>Investigaci\u00f3n en y para la acci\u00f3n educativa (32)<\/td>\n<\/tr>\n<\/tbody>\n<\/table>\n<table style=\"font-weight: 400;\">\n<tbody>\n<tr>\n<td style=\"font-weight: 400;\" colspan=\"2\"><b><strong>4\u00ba A\u00f1o Primaria<\/strong><\/b><\/td>\n<\/tr>\n<tr>\n<td style=\"font-weight: 400;\"><b><strong>Campo de la Subjetividad y las Culturas<\/strong><\/b><\/td>\n<td style=\"font-weight: 400;\">Pedagog\u00eda cr\u00edtica de las diferencias (32)<\/p>\n<p>&nbsp;<\/td>\n<\/tr>\n<tr>\n<td style=\"font-weight: 400;\" rowspan=\"4\"><b><strong>Campo de los Saberes a Ense\u00f1ar<\/strong><\/b><\/p>\n<p>&nbsp;<\/td>\n<td style=\"font-weight: 400;\">Ateneo de Pr\u00e1cticas del Lenguaje y la Literatura (64)<\/td>\n<\/tr>\n<tr>\n<td style=\"font-weight: 400;\">Ateneo de Matem\u00e1tica (64)<\/td>\n<\/tr>\n<tr>\n<td style=\"font-weight: 400;\">Ateneo de Ciencias Naturales (64)<\/td>\n<\/tr>\n<tr>\n<td style=\"font-weight: 400;\">Ateneo de Ciencias Sociales (64)<\/td>\n<\/tr>\n<tr>\n<td style=\"font-weight: 400;\" rowspan=\"2\"><b><strong>Campo de la Fundamentaci\u00f3n<\/strong><\/b><\/td>\n<td style=\"font-weight: 400;\">Reflexi\u00f3n filos\u00f3fica de la educaci\u00f3n (32)<\/td>\n<\/tr>\n<tr>\n<td style=\"font-weight: 400;\">Dimensi\u00f3n \u00e9tico-pol\u00edtica de la praxis docente (32)<\/td>\n<\/tr>\n<tr>\n<td style=\"font-weight: 400;\" rowspan=\"2\">&nbsp;<\/p>\n<p><b><strong>Campo de la Pr\u00e1ctica Docente<\/strong><\/b><\/td>\n<td style=\"font-weight: 400;\"><i><em>Pr\u00e1ctica en terreno:<\/em><\/i><\/p>\n<p>En el aula, en el nivel de formaci\u00f3n<\/p>\n<p>(256)<\/td>\n<\/tr>\n<tr>\n<td style=\"font-weight: 400;\"><b><strong>\u00a0<\/strong><\/b><\/p>\n<p><b><strong>Taller Integrador Interdisciplinario<\/strong><\/b><\/p>\n<p><i><em>\u00a0<\/em><\/i><\/p>\n<p><i><em>Posicionamiento docente<\/em><\/i><\/p>\n<p>(32)<\/p>\n<p>&nbsp;<\/td>\n<\/tr>\n<\/tbody>\n<\/table>\n<table style=\"font-weight: 400;\">\n<tbody>\n<tr>\n<td style=\"font-weight: 400;\" width=\"576\"><b><strong>Trayectos Formativos Opcionales<\/strong><\/b><\/td>\n<\/tr>\n<tr>\n<td style=\"font-weight: 400;\" width=\"576\">Espacios de definici\u00f3n institucional (160)<\/p>\n<p>(En estas horas se considera el Taller proped\u00e9utico de opci\u00f3n y definici\u00f3n institucional)<\/td>\n<\/tr>\n<\/tbody>\n<\/table>\n<p style=\"font-weight: 400;\"><b><strong>T\u00edtulo: PROFESOR DE EDUCACI\u00d3N PRIMARIA<\/strong><\/b><\/p>\n<p style=\"font-weight: 400;\"><b><strong>Carga horaria total: 2816 horas<\/strong><\/b><\/p>\n<p style=\"font-weight: 400;\">Para el c\u00e1lculo de los M\u00f3dulos semanales debe dividirse el n\u00famero total de horas por 32. As\u00ed, a 32 horas corresponde 1 M\u00f3dulo semanal; a 64 horas: 2 M\u00f3dulos, etc.<\/p>\n<p>&nbsp;<\/p>\n<p style=\"font-weight: 400;\">CORRELATIVIDADES<\/p>\n<table style=\"font-weight: 400;\">\n<tbody>\n<tr>\n<td style=\"font-weight: 400;\" colspan=\"2\" width=\"576\"><b><strong>\u00a0<\/strong><\/b><\/p>\n<p><b><strong>2\u00ba A\u00d1O<\/strong><\/b><\/p>\n<p><b><strong>\u00a0<\/strong><\/b><\/td>\n<\/tr>\n<tr>\n<td style=\"font-weight: 400;\" width=\"288\">Psicolog\u00eda del Desarrollo y el aprendizaje II<\/td>\n<td style=\"font-weight: 400;\" width=\"288\">Psicolog\u00eda del Desarrollo y el Aprendizaje I<\/td>\n<\/tr>\n<tr>\n<td style=\"font-weight: 400;\" width=\"288\">Psicolog\u00eda social e institucional<\/td>\n<td style=\"font-weight: 400;\" width=\"288\">____________________<\/td>\n<\/tr>\n<tr>\n<td style=\"font-weight: 400;\" width=\"288\">Cultura, comunicaci\u00f3n y educaci\u00f3n<\/td>\n<td style=\"font-weight: 400;\" width=\"288\">____________________<\/p>\n<p>&nbsp;<\/td>\n<\/tr>\n<tr>\n<td style=\"font-weight: 400;\" width=\"288\">Educaci\u00f3n art\u00edstica<\/td>\n<td style=\"font-weight: 400;\" width=\"288\">___________________<\/p>\n<p>&nbsp;<\/td>\n<\/tr>\n<tr>\n<td style=\"font-weight: 400;\" width=\"288\">Did\u00e1ctica de Pr\u00e1cticas del Lenguaje y la Literatura<\/td>\n<td style=\"font-weight: 400;\" width=\"288\">______________________<\/td>\n<\/tr>\n<tr>\n<td style=\"font-weight: 400;\" width=\"288\">Did\u00e1ctica de las Ciencias Sociales I<\/td>\n<td style=\"font-weight: 400;\" width=\"288\">____________________<\/p>\n<p>&nbsp;<\/td>\n<\/tr>\n<tr>\n<td style=\"font-weight: 400;\" width=\"288\">Did\u00e1ctica de las Ciencias Naturales I<\/td>\n<td style=\"font-weight: 400;\" width=\"288\">____________________<\/p>\n<p>&nbsp;<\/td>\n<\/tr>\n<tr>\n<td style=\"font-weight: 400;\" width=\"288\">Did\u00e1ctica de la Matem\u00e1tica I<\/td>\n<td style=\"font-weight: 400;\" width=\"288\">__________________<\/p>\n<p>&nbsp;<\/td>\n<\/tr>\n<tr>\n<td style=\"font-weight: 400;\" width=\"288\">Teor\u00edas sociopol\u00edticas y Educaci\u00f3n<\/td>\n<td style=\"font-weight: 400;\" width=\"288\">___________________<\/p>\n<p>&nbsp;<\/td>\n<\/tr>\n<tr>\n<td style=\"font-weight: 400;\" width=\"288\">Did\u00e1ctica y Curriculum del Nivel Primario<\/td>\n<td style=\"font-weight: 400;\" width=\"288\">Did\u00e1ctica General<\/td>\n<\/tr>\n<tr>\n<td style=\"font-weight: 400;\" width=\"288\">Campo de la Pr\u00e1ctica Docente II<\/p>\n<p>&nbsp;<\/td>\n<td style=\"font-weight: 400;\" width=\"288\">Campo de la Pr\u00e1ctica Docente I<\/td>\n<\/tr>\n<tr>\n<td style=\"font-weight: 400;\" colspan=\"2\" width=\"576\"><b><strong>\u00a0<\/strong><\/b><\/p>\n<p><b><strong>3er A\u00d1O<\/strong><\/b><\/p>\n<p><b><strong>\u00a0<\/strong><\/b><\/td>\n<\/tr>\n<tr>\n<td style=\"font-weight: 400;\" width=\"288\">Configuraciones culturales del sujeto educativo de primaria<\/td>\n<td style=\"font-weight: 400;\" width=\"288\">Psicolog\u00eda social e institucional<\/td>\n<\/tr>\n<tr>\n<td style=\"font-weight: 400;\" width=\"288\">Medios audiovisuales, TICs y educaci\u00f3n<\/td>\n<td style=\"font-weight: 400;\" width=\"288\">____________________<\/p>\n<p>&nbsp;<\/td>\n<\/tr>\n<tr>\n<td style=\"font-weight: 400;\" width=\"288\">Educaci\u00f3n F\u00edsica Escolar<\/td>\n<td style=\"font-weight: 400;\" width=\"288\">__________________<\/p>\n<p>&nbsp;<\/td>\n<\/tr>\n<tr>\n<td style=\"font-weight: 400;\" width=\"288\">Did\u00e1ctica de Pr\u00e1cticas del Lenguaje y la Literatura II<\/td>\n<td style=\"font-weight: 400;\" width=\"288\">Did\u00e1ctica de Pr\u00e1cticas del Lenguaje y la Literatura I<\/td>\n<\/tr>\n<tr>\n<td style=\"font-weight: 400;\" width=\"288\">Did\u00e1ctica de las Ciencias Sociales II<\/td>\n<td style=\"font-weight: 400;\" width=\"288\">Did\u00e1ctica de las Ciencias Sociales I<\/td>\n<\/tr>\n<tr>\n<td style=\"font-weight: 400;\" width=\"288\">Did\u00e1ctica de las Ciencias Naturales II<\/td>\n<td style=\"font-weight: 400;\" width=\"288\">Did\u00e1ctica de las Ciencias Naturales I<\/td>\n<\/tr>\n<tr>\n<td style=\"font-weight: 400;\" width=\"288\">Did\u00e1ctica de la Matem\u00e1tica II<\/td>\n<td style=\"font-weight: 400;\" width=\"288\">Did\u00e1ctica de la Matem\u00e1tica I<\/td>\n<\/tr>\n<tr>\n<td style=\"font-weight: 400;\" width=\"288\">Historia y Prospectiva de la Educaci\u00f3n<\/td>\n<td style=\"font-weight: 400;\" width=\"288\">___________________<\/td>\n<\/tr>\n<tr>\n<td style=\"font-weight: 400;\" width=\"288\">Pol\u00edticas, Legislaci\u00f3n y Administraci\u00f3n del Trabajo Escolar<\/td>\n<td style=\"font-weight: 400;\" width=\"288\">_____________________<\/p>\n<p>&nbsp;<\/td>\n<\/tr>\n<tr>\n<td style=\"font-weight: 400;\" width=\"288\">Campo de la Pr\u00e1ctica Docente III<\/p>\n<p>&nbsp;<\/td>\n<td style=\"font-weight: 400;\" width=\"288\">Campo de la Pr\u00e1ctica Docente II<\/p>\n<p>Did\u00e1ctica de Pr\u00e1cticas del Lenguaje y la Literatura I<\/p>\n<p>Did\u00e1ctica de las Ciencias Naturales I<\/p>\n<p>Did\u00e1ctica de las Ciencias Sociales I<\/p>\n<p>Did\u00e1ctica de la Matem\u00e1tica I<\/p>\n<p>Did\u00e1ctica y Curriculum del Nivel Primario<\/td>\n<\/tr>\n<tr>\n<td style=\"font-weight: 400;\" colspan=\"2\" width=\"576\"><b><strong>\u00a0<\/strong><\/b><\/p>\n<p><b><strong>4\u00ba A\u00d1O<\/strong><\/b><\/p>\n<p><b><strong>\u00a0<\/strong><\/b><\/td>\n<\/tr>\n<tr>\n<td style=\"font-weight: 400;\" width=\"288\">Pedagog\u00eda cr\u00edtica de las Diferencias<\/td>\n<td style=\"font-weight: 400;\" width=\"288\">______________________<\/td>\n<\/tr>\n<tr>\n<td style=\"font-weight: 400;\" width=\"288\">Ateneo de Pr\u00e1cticas del Lenguaje y la Literatura<\/td>\n<td style=\"font-weight: 400;\" width=\"288\">Did\u00e1ctica de Pr\u00e1cticas del Lenguaje y la Literatura II<\/td>\n<\/tr>\n<tr>\n<td style=\"font-weight: 400;\" width=\"288\">Ateneo de Ciencias Sociales<\/td>\n<td style=\"font-weight: 400;\" width=\"288\">Did\u00e1ctica de las Ciencias Sociales II<\/td>\n<\/tr>\n<tr>\n<td style=\"font-weight: 400;\" width=\"288\">Ateneo de Ciencias Naturales<\/td>\n<td style=\"font-weight: 400;\" width=\"288\">Did\u00e1ctica de las Ciencias Naturales II<\/td>\n<\/tr>\n<tr>\n<td style=\"font-weight: 400;\" width=\"288\">Ateneo de Matem\u00e1tica<\/td>\n<td style=\"font-weight: 400;\" width=\"288\">Did\u00e1ctica de la Matem\u00e1tica II<\/td>\n<\/tr>\n<tr>\n<td style=\"font-weight: 400;\" width=\"288\">Reflexi\u00f3n Filos\u00f3fica de la Educaci\u00f3n<\/td>\n<td style=\"font-weight: 400;\" width=\"288\">Filosof\u00eda<\/p>\n<p>Pedagog\u00eda<\/td>\n<\/tr>\n<tr>\n<td style=\"font-weight: 400;\" width=\"288\">Dimensi\u00f3n \u00e9tico pol\u00edtica de la Praxis Docente<\/td>\n<td style=\"font-weight: 400;\" width=\"288\">Teoria sociopolitica y Educaci\u00f3n<\/p>\n<p>&nbsp;<\/td>\n<\/tr>\n<tr>\n<td style=\"font-weight: 400;\" width=\"288\">&nbsp;<\/p>\n<p>Campo de la Pr\u00e1ctica Docente IV<\/td>\n<td style=\"font-weight: 400;\" width=\"288\">Campo de la Pr\u00e1ctica Docente III<\/p>\n<p>Did\u00e1ctica de Pr\u00e1cticas del Lenguaje y la Literatura II<\/p>\n<p>Did\u00e1ctica de las Ciencias Sociales II<\/p>\n<p>Did\u00e1ctica de las Ciencias Naturales II<\/p>\n<p>Did\u00e1ctica de la Matem\u00e1tica II<\/td>\n<\/tr>\n<\/tbody>\n<\/table>\n<p style=\"font-weight: 400;\">OBSERVACIONES:<\/p>\n<p style=\"font-weight: 400;\">Para cursar 3er A\u00f1o, el alumno deber\u00e1 tener a final las materias de 1er A\u00f1o.<\/p>\n<p style=\"font-weight: 400;\">Para cursar 4\u00ba A\u00f1o deber\u00e1 tener a Final 1\u00ba y 2\u00ba A\u00f1o.<\/p>\n","protected":false},"excerpt":{"rendered":"<p>PLAN DE ESTUDIOS DEL\u00a0PROFESORADO DE EDUCACI\u00d3N PRIMARIA 1er. A\u00f1o Primaria Campo de Actualizaci\u00f3n Formativa Taller de lectura, escritura y oralidad (64) Taller de pensamiento l\u00f3gico matem\u00e1tico (64) Taller de definici\u00f3n institucional (64) Campo de la Subjetividad y las Culturas Psicolog\u00eda del desarrollo y el aprendizaje I (64) Campo de los Saberes a Ense\u00f1ar Corporeidad y &#8230; <a title=\"Profesorado en Educaci\u00f3n Primaria\" class=\"read-more\" href=\"https:\/\/isfdyt20-bue.infd.edu.ar\/sitio\/inicio\/carreras\/profesorado-en-educacion-primaria\/\" aria-label=\"More on Profesorado en Educaci\u00f3n Primaria\">[+]<\/a><\/p>\n","protected":false},"author":7,"featured_media":0,"parent":826,"menu_order":1,"comment_status":"closed","ping_status":"closed","template":"","meta":[],"acf":[],"_links":{"self":[{"href":"https:\/\/isfdyt20-bue.infd.edu.ar\/sitio\/wp-json\/wp\/v2\/pages\/716"}],"collection":[{"href":"https:\/\/isfdyt20-bue.infd.edu.ar\/sitio\/wp-json\/wp\/v2\/pages"}],"about":[{"href":"https:\/\/isfdyt20-bue.infd.edu.ar\/sitio\/wp-json\/wp\/v2\/types\/page"}],"author":[{"embeddable":true,"href":"https:\/\/isfdyt20-bue.infd.edu.ar\/sitio\/wp-json\/wp\/v2\/users\/7"}],"replies":[{"embeddable":true,"href":"https:\/\/isfdyt20-bue.infd.edu.ar\/sitio\/wp-json\/wp\/v2\/comments?post=716"}],"version-history":[{"count":4,"href":"https:\/\/isfdyt20-bue.infd.edu.ar\/sitio\/wp-json\/wp\/v2\/pages\/716\/revisions"}],"predecessor-version":[{"id":828,"href":"https:\/\/isfdyt20-bue.infd.edu.ar\/sitio\/wp-json\/wp\/v2\/pages\/716\/revisions\/828"}],"up":[{"embeddable":true,"href":"https:\/\/isfdyt20-bue.infd.edu.ar\/sitio\/wp-json\/wp\/v2\/pages\/826"}],"wp:attachment":[{"href":"https:\/\/isfdyt20-bue.infd.edu.ar\/sitio\/wp-json\/wp\/v2\/media?parent=716"}],"curies":[{"name":"wp","href":"https:\/\/api.w.org\/{rel}","templated":true}]}}